{"id":8823,"date":"2025-03-11T10:23:53","date_gmt":"2025-03-11T09:23:53","guid":{"rendered":"https:\/\/www.bitmedia.at\/?post_type=product&#038;p=8823"},"modified":"2025-03-12T09:39:59","modified_gmt":"2025-03-12T08:39:59","slug":"package-flex-lona-education-erwachsenenbildung","status":"publish","type":"product","link":"https:\/\/www.bitmedia.at\/en\/produkt\/package-flex-lona-education-erwachsenenbildung\/","title":{"rendered":"Package Flex \u2013 LONA Education Erwachsenenbildung"},"content":{"rendered":"<div class=\"fusion-fullwidth fullwidth-box fusion-builder-row-1 fusion-flex-container nonhundred-percent-fullwidth non-hundred-percent-height-scrolling\" style=\"--awb-border-radius-top-left:0px;--awb-border-radius-top-right:0px;--awb-border-radius-bottom-right:0px;--awb-border-radius-bottom-left:0px;--awb-padding-right:0px;--awb-padding-left:0px;--awb-flex-wrap:wrap;\" ><div class=\"fusion-builder-row fusion-row fusion-flex-align-items-flex-start fusion-flex-content-wrap\" style=\"max-width:1248px;margin-left: calc(-4% \/ 2 );margin-right: calc(-4% \/ 2 );\"><div class=\"fusion-layout-column fusion_builder_column fusion-builder-column-0 fusion_builder_column_1_1 1_1 fusion-flex-column\" style=\"--awb-bg-size:cover;--awb-width-large:100%;--awb-margin-top-large:0px;--awb-spacing-right-large:1.92%;--awb-margin-bottom-large:20px;--awb-spacing-left-large:1.92%;--awb-width-medium:100%;--awb-order-medium:0;--awb-spacing-right-medium:1.92%;--awb-spacing-left-medium:1.92%;--awb-width-small:100%;--awb-order-small:0;--awb-spacing-right-small:1.92%;--awb-spacing-left-small:1.92%;\"><div class=\"fusion-column-wrapper fusion-column-has-shadow fusion-flex-justify-content-flex-start fusion-content-layout-column\"><ul style=\"--awb-size:18px;--awb-iconcolor:var(--awb-color8);--awb-line-height:30.6px;--awb-icon-width:30.6px;--awb-icon-height:30.6px;--awb-icon-margin:12.6px;--awb-content-margin:43.2px;\" class=\"fusion-checklist fusion-checklist-1 fusion-checklist-default type-icons\"><li class=\"fusion-li-item\" style=\"\"><span class=\"icon-wrapper circle-no\"><i class=\"fusion-li-icon fa-user-alt fas\" aria-hidden=\"true\"><\/i><\/span><div class=\"fusion-li-item-content\">\n<p><strong>ZIELGRUPPE<\/strong>: Mitarbeiter:innen von Unternehmen und Institutionen, Wieder- bzw. Quereinsteiger:innen<\/p>\n<\/div><\/li><li class=\"fusion-li-item\" style=\"\"><span class=\"icon-wrapper circle-no\"><i class=\"fusion-li-icon fa-clock fas\" aria-hidden=\"true\"><\/i><\/span><div class=\"fusion-li-item-content\">\n<p><strong>LERNZEIT<\/strong>: ca. 6 Stunden<\/p>\n<\/div><\/li><li class=\"fusion-li-item\" style=\"\"><span class=\"icon-wrapper circle-no\"><i class=\"fusion-li-icon fa-bullseye fas\" aria-hidden=\"true\"><\/i><\/span><div class=\"fusion-li-item-content\">\n<p><strong>SPRACHE<\/strong>: Deutsch<\/p>\n<\/div><\/li><li class=\"fusion-li-item\" style=\"\"><span class=\"icon-wrapper circle-no\"><i class=\"fusion-li-icon fa-tasks fas\" aria-hidden=\"true\"><\/i><\/span><div class=\"fusion-li-item-content\">\n<p><strong>INHALTE<\/strong>:<\/p>\n<ul>\n<li>Pers\u00f6nliche Kompetenzen\n<ul>\n<li>Speed Reading<\/li>\n<li>Selbstlernkompetenz entwickeln<\/li>\n<li>Der kluge Weg zur Selbstdisziplin<\/li>\n<li>Erfolgspotenzial nutzen<\/li>\n<li>Kreatives Denken und Gestaltungskompetenz<\/li>\n<\/ul>\n<\/li>\n<li>Methodische Kompetenzen\n<ul>\n<li>Konzentriertes Arbeiten f\u00fcr mehr Produktivit\u00e4t<\/li>\n<li>Energiemanagement f\u00fcr Beruf und Freizeit<\/li>\n<li>Pr\u00e4sentationsst\u00e4rke &#8211; Rhetorische Sicherheit im Berufsalltag<\/li>\n<li>Berufliche Ziele setzen und erreichen<\/li>\n<li>Zeitmanagement\u00a0im Beruf<\/li>\n<\/ul>\n<\/li>\n<li>Soziale Kompetenzen\n<ul>\n<li>Jobneulinge und Etikette<\/li>\n<li>Grundlagen der Kommunikationskompetenz<\/li>\n<li>Virtuell zusammenarbeiten und kommunizieren<\/li>\n<li>Interkulturelle Kompetenz<\/li>\n<li>Konfliktmanagement<\/li>\n<li>Ethisches Verhalten und Diversit\u00e4t<\/li>\n<\/ul>\n<\/li>\n<li>Gesundheitliche Kompetenzen\n<ul>\n<li>Stress- und Burnout Pr\u00e4vention<\/li>\n<li>Resilienz<\/li>\n<li>Mobbing und Bel\u00e4stigung<\/li>\n<li>Arbeitssicherheit<\/li>\n<li>Fit &amp; Gesund im Job<\/li>\n<li>Mein ergonomischer B\u00fcroarbeitsplatz<\/li>\n<li>Erste Hilfe<\/li>\n<\/ul>\n<\/li>\n<li>Fachkompetenz &#8211; Datenschutz und Informationssicherheit\n<ul>\n<li>Datenschutz und Informationssicherheit kompakt<\/li>\n<li>EU-Datenschutz Basismodul \u2013 die Grundverordnung<\/li>\n<li>EU-Datenschutz Quiz Show**<\/li>\n<li>Informationssicherheit<\/li>\n<li>Informationssicherheit Quiz Show**<\/li>\n<li>Netz- und Informationssystemsicherheitsgesetz<\/li>\n<\/ul>\n<\/li>\n<li>Fachkompetenz &#8211; Arbeitsrecht\n<ul>\n<li>Arbeitsrecht 01: Rechtsgrundlagen im Arbeitsverh\u00e4ltnis (\u00d6sterreich-Version)<\/li>\n<li>Arbeitsrecht 02: Der Einstellungsprozess (\u00d6sterreich-Version)<\/li>\n<li>Arbeitsrecht 03: Arten der Zusammenarbeit (\u00d6sterreich-Version)<\/li>\n<li>Arbeitsrecht 04: Entgelt (\u00d6sterreich-Version)<\/li>\n<\/ul>\n<\/li>\n<li>Fachkompetenz &#8211; Gesundheit\n<ul>\n<li>Hygiene im Krankenhaus<\/li>\n<li>HACCP \u2013 Hygienemanagement<\/li>\n<li>Arbeitssicherheit im Gesundheitsbereich &#8211; Schutzausr\u00fcstung<\/li>\n<li>Arbeitssicherheit im Gesundheitsbereich &#8211; Gefahrenstoffe<\/li>\n<\/ul>\n<\/li>\n<\/ul>\n<\/div><\/li><li class=\"fusion-li-item\" style=\"\"><span class=\"icon-wrapper circle-no\"><i class=\"fusion-li-icon fa-laptop fas\" aria-hidden=\"true\"><\/i><\/span><div class=\"fusion-li-item-content\">\n<p><strong>TYP:<\/strong>\u00a0unbetreute Selbstlernkurse<\/p>\n<\/div><\/li><li class=\"fusion-li-item\" style=\"\"><span class=\"icon-wrapper circle-no\"><i class=\"fusion-li-icon fa-redo fas\" aria-hidden=\"true\"><\/i><\/span><div class=\"fusion-li-item-content\">\n<p><strong>LIZENZ-INFORMATION: <\/strong>Die Lizenz verl\u00e4ngert sich automatisch um ein Jahr und kann mit drei Monaten Frist zum Vertragsjahresende gek\u00fcndigt werden.<\/p>\n<\/div><\/li><\/ul><\/div><\/div><\/div><\/div>\n","protected":false},"excerpt":{"rendered":"<p>Das Kurspaket \u201eFlex\u201c auf der Lernplattform LONA Education bietet eine flexible und moderne L\u00f6sung f\u00fcr digitales Lernen. Mit dem Package \u201eFlex\u201c k\u00f6nnen verschiedene Lernkurse als Bausteine zur Kompetenzerweiterung selbst zusammenzustellen.<\/p>\n<p>Dank der benutzerfreundlichen Oberfl\u00e4che und den interaktiven Inhalten k\u00f6nnen Lehrpersonen den Sch\u00fcler:innen jederzeit hochwertige Lernmaterialien zur Verf\u00fcgung stellen.<\/p>\n<p>Das Package \u201eFLEX\u201c bietet eine Reihe an Lernmodulen zur Wissensvermittlung rund um pers\u00f6nlicher, methodischer, sozialer und \u00b4gesundheitlicher Kompetenzen. Die weiteren Module dienen dem Aufbau von Fachkompetenzen im Bereich Datenschutz sowie Informationssicherheit, Arbeitsrecht und Gesundheit.<\/p>\n<p>Die e-Learning erm\u00f6glichen effizientes Selbststudium sowie gezieltes Training mit praxisnahen \u00dcbungen, die den Wissenstransfer erleichtern.<\/p>\n<p>Mit LONA Education optimieren Sie die Aus- und Weiterbildung digital, kosteneffizient und nachhaltig.<\/p>\n","protected":false},"featured_media":8685,"comment_status":"closed","ping_status":"closed","template":"","meta":{"_acf_changed":false},"product_brand":[],"product_cat":[545,556],"product_tag":[196,197,547,548],"class_list":{"0":"post-8823","1":"product","2":"type-product","3":"status-publish","4":"has-post-thumbnail","6":"product_cat-lona-education","7":"product_cat-erwachsenenbildung","8":"product_tag-schulen","9":"product_tag-schuelerinnen","10":"product_tag-lona","11":"product_tag-lona-education","13":"first","14":"instock","15":"sold-individually","16":"taxable","17":"shipping-taxable","18":"purchasable","19":"product-type-variable","20":"has-default-attributes"},"acf":[],"_links":{"self":[{"href":"https:\/\/www.bitmedia.at\/en\/wp-json\/wp\/v2\/product\/8823","targetHints":{"allow":["GET"]}}],"collection":[{"href":"https:\/\/www.bitmedia.at\/en\/wp-json\/wp\/v2\/product"}],"about":[{"href":"https:\/\/www.bitmedia.at\/en\/wp-json\/wp\/v2\/types\/product"}],"replies":[{"embeddable":true,"href":"https:\/\/www.bitmedia.at\/en\/wp-json\/wp\/v2\/comments?post=8823"}],"wp:featuredmedia":[{"embeddable":true,"href":"https:\/\/www.bitmedia.at\/en\/wp-json\/wp\/v2\/media\/8685"}],"wp:attachment":[{"href":"https:\/\/www.bitmedia.at\/en\/wp-json\/wp\/v2\/media?parent=8823"}],"wp:term":[{"taxonomy":"product_brand","embeddable":true,"href":"https:\/\/www.bitmedia.at\/en\/wp-json\/wp\/v2\/product_brand?post=8823"},{"taxonomy":"product_cat","embeddable":true,"href":"https:\/\/www.bitmedia.at\/en\/wp-json\/wp\/v2\/product_cat?post=8823"},{"taxonomy":"product_tag","embeddable":true,"href":"https:\/\/www.bitmedia.at\/en\/wp-json\/wp\/v2\/product_tag?post=8823"}],"curies":[{"name":"wp","href":"https:\/\/api.w.org\/{rel}","templated":true}]}}

<div class="fusion-fullwidth fullwidth-box fusion-builder-row-1 fusion-flex-container nonhundred-percent-fullwidth non-hundred-percent-height-scrolling" style="--awb-border-radius-top-left:0px;--awb-border-radius-top-right:0px;--awb-border-radius-bottom-right:0px;--awb-border-radius-bottom-left:0px;--awb-padding-right:0px;--awb-padding-left:0px;--awb-flex-wrap:wrap;" ><div class="fusion-builder-row fusion-row fusion-flex-align-items-flex-start fusion-flex-content-wrap" style="max-width:1248px;margin-left: calc(-4% / 2 );margin-right: calc(-4% / 2 );"><div class="fusion-layout-column fusion_builder_column fusion-builder-column-0 fusion_builder_column_1_1 1_1 fusion-flex-column" style="--awb-bg-size:cover;--awb-width-large:100%;--awb-margin-top-large:0px;--awb-spacing-right-large:1.92%;--awb-margin-bottom-large:20px;--awb-spacing-left-large:1.92%;--awb-width-medium:100%;--awb-order-medium:0;--awb-spacing-right-medium:1.92%;--awb-spacing-left-medium:1.92%;--awb-width-small:100%;--awb-order-small:0;--awb-spacing-right-small:1.92%;--awb-spacing-left-small:1.92%;"><div class="fusion-column-wrapper fusion-column-has-shadow fusion-flex-justify-content-flex-start fusion-content-layout-column"><ul style="--awb-size:18px;--awb-iconcolor:var(--awb-color8);--awb-line-height:30.6px;--awb-icon-width:30.6px;--awb-icon-height:30.6px;--awb-icon-margin:12.6px;--awb-content-margin:43.2px;" class="fusion-checklist fusion-checklist-1 fusion-checklist-default type-icons"><li class="fusion-li-item" style=""><span class="icon-wrapper circle-no"><i class="fusion-li-icon fa-user-alt fas" aria-hidden="true"></i></span><div class="fusion-li-item-content">
<p><strong>ZIELGRUPPE</strong>: Mitarbeiter:innen von Unternehmen und Institutionen, Wieder- bzw. Quereinsteiger:innen</p>
</div></li><li class="fusion-li-item" style=""><span class="icon-wrapper circle-no"><i class="fusion-li-icon fa-clock fas" aria-hidden="true"></i></span><div class="fusion-li-item-content">
<p><strong>LERNZEIT</strong>: ca. 6 Stunden</p>
</div></li><li class="fusion-li-item" style=""><span class="icon-wrapper circle-no"><i class="fusion-li-icon fa-bullseye fas" aria-hidden="true"></i></span><div class="fusion-li-item-content">
<p><strong>SPRACHE</strong>: Deutsch</p>
</div></li><li class="fusion-li-item" style=""><span class="icon-wrapper circle-no"><i class="fusion-li-icon fa-tasks fas" aria-hidden="true"></i></span><div class="fusion-li-item-content">
<p><strong>INHALTE</strong>:</p>
<ul>
<li>Persönliche Kompetenzen
<ul>
<li>Speed Reading</li>
<li>Selbstlernkompetenz entwickeln</li>
<li>Der kluge Weg zur Selbstdisziplin</li>
<li>Erfolgspotenzial nutzen</li>
<li>Kreatives Denken und Gestaltungskompetenz</li>
</ul>
</li>
<li>Methodische Kompetenzen
<ul>
<li>Konzentriertes Arbeiten für mehr Produktivität</li>
<li>Energiemanagement für Beruf und Freizeit</li>
<li>Präsentationsstärke &#8211; Rhetorische Sicherheit im Berufsalltag</li>
<li>Berufliche Ziele setzen und erreichen</li>
<li>Zeitmanagement im Beruf</li>
</ul>
</li>
<li>Soziale Kompetenzen
<ul>
<li>Jobneulinge und Etikette</li>
<li>Grundlagen der Kommunikationskompetenz</li>
<li>Virtuell zusammenarbeiten und kommunizieren</li>
<li>Interkulturelle Kompetenz</li>
<li>Konfliktmanagement</li>
<li>Ethisches Verhalten und Diversität</li>
</ul>
</li>
<li>Gesundheitliche Kompetenzen
<ul>
<li>Stress- und Burnout Prävention</li>
<li>Resilienz</li>
<li>Mobbing und Belästigung</li>
<li>Arbeitssicherheit</li>
<li>Fit &amp; Gesund im Job</li>
<li>Mein ergonomischer Büroarbeitsplatz</li>
<li>Erste Hilfe</li>
</ul>
</li>
<li>Fachkompetenz &#8211; Datenschutz und Informationssicherheit
<ul>
<li>Datenschutz und Informationssicherheit kompakt</li>
<li>EU-Datenschutz Basismodul – die Grundverordnung</li>
<li>EU-Datenschutz Quiz Show**</li>
<li>Informationssicherheit</li>
<li>Informationssicherheit Quiz Show**</li>
<li>Netz- und Informationssystemsicherheitsgesetz</li>
</ul>
</li>
<li>Fachkompetenz &#8211; Arbeitsrecht
<ul>
<li>Arbeitsrecht 01: Rechtsgrundlagen im Arbeitsverhältnis (Österreich-Version)</li>
<li>Arbeitsrecht 02: Der Einstellungsprozess (Österreich-Version)</li>
<li>Arbeitsrecht 03: Arten der Zusammenarbeit (Österreich-Version)</li>
<li>Arbeitsrecht 04: Entgelt (Österreich-Version)</li>
</ul>
</li>
<li>Fachkompetenz &#8211; Gesundheit
<ul>
<li>Hygiene im Krankenhaus</li>
<li>HACCP – Hygienemanagement</li>
<li>Arbeitssicherheit im Gesundheitsbereich &#8211; Schutzausrüstung</li>
<li>Arbeitssicherheit im Gesundheitsbereich &#8211; Gefahrenstoffe</li>
</ul>
</li>
</ul>
</div></li><li class="fusion-li-item" style=""><span class="icon-wrapper circle-no"><i class="fusion-li-icon fa-laptop fas" aria-hidden="true"></i></span><div class="fusion-li-item-content">
<p><strong>TYP:</strong> unbetreute Selbstlernkurse</p>
</div></li><li class="fusion-li-item" style=""><span class="icon-wrapper circle-no"><i class="fusion-li-icon fa-redo fas" aria-hidden="true"></i></span><div class="fusion-li-item-content">
<p><strong>LIZENZ-INFORMATION: </strong>Die Lizenz verlängert sich automatisch um ein Jahr und kann mit drei Monaten Frist zum Vertragsjahresende gekündigt werden.</p>
</div></li></ul></div></div></div></div>

<p>Das Kurspaket „Flex“ auf der Lernplattform LONA Education bietet eine flexible und moderne Lösung für digitales Lernen. Mit dem Package „Flex“ können verschiedene Lernkurse als Bausteine zur Kompetenzerweiterung selbst zusammenzustellen.</p>
<p>Dank der benutzerfreundlichen Oberfläche und den interaktiven Inhalten können Lehrpersonen den Schüler:innen jederzeit hochwertige Lernmaterialien zur Verfügung stellen.</p>
<p>Das Package „FLEX“ bietet eine Reihe an Lernmodulen zur Wissensvermittlung rund um persönlicher, methodischer, sozialer und ´gesundheitlicher Kompetenzen. Die weiteren Module dienen dem Aufbau von Fachkompetenzen im Bereich Datenschutz sowie Informationssicherheit, Arbeitsrecht und Gesundheit.</p>
<p>Die e-Learning ermöglichen effizientes Selbststudium sowie gezieltes Training mit praxisnahen Übungen, die den Wissenstransfer erleichtern.</p>
<p>Mit LONA Education optimieren Sie die Aus- und Weiterbildung digital, kosteneffizient und nachhaltig.</p>
